-4)?
27
Let a(q) = 2*q + 5. Determine a(2).
9
Let m(t) = t**3 - 7*t**2 + 7*t - 10. What is m(7)?
39
Let q(i) = -i**3 + 9*i**2 - 13*i + 6. Calculate q(7).
13
Let n(f) = f**3 + 2*f**2 - 3*f - 2. Give n(-3).
-2
Let a(j) = -j**2 - 3*j + 11. What is a(-4)?
7
Let r(d) = -2*d**2 + 4*d - 7. What is r(2)?
-7
Let y(k) = -k + 22. Calculate y(10).
12
Let j(z) = 4*z + 12. Determine j(0).
12
Let x(w) = -w**3 + 13*w**2 - 12*w - 8. Determine x(12).
-8
Let n(g) = g + 9. Calculate n(0).
9
Let v(b) = 5*b - 7. Determine v(-5).
-32
Let w(c) = -2*c**3 - 34*c**2 + c + 30. Give w(-17).
13
Let w(k) = -k**3 + 5*k**2 + 8*k - 34. Calculate w(3).
8
Let c(g) = g + 9. What is c(-4)?
5
Let w(c) = -c**2 + 9. Give w(0).
9
Let a(k) = k**3 - 10*k**2 - 4. Calculate a(10).
-4
Let z(o) = -o**3 - 5*o**2 - o + 6. Determine z(-5).
11
Let m(h) = -h**3 - 7*h**2 + 6*h - 10. Give m(-8).
6
Let k(i) = -i**3 - i**2 + 7*i + 1. Give k(-5).
66
Let w(r) = 11*r - 145. Give w(11).
-24
Let y(b) = 5*b**2 - b + 1. Determine y(3).
43
Let o(y) = -5*y + 100. Determine o(20).
0
Let a(w) = 6*w + 3. Determine a(-2).
-9
Let x(y) = y**3 + 14*y**2 + 3*y - 16. Calculate x(-13).
114
Let b(r) = -10*r + 18. Calculate b(5).
-32
Let o(q) = -2*q - 8. Give o(-6).
4
Let v(f) = f**2 + 2*f - 6. Give v(-5).
9
Let z(l) = -4*l**2 - 5*l - 11. Give z(4).
-95
Let n(y) = y**3 + 19*y**2 - 19*y + 14. Give n(-20).
-6
Let i(f) = -f - 9. Determine i(-4).
-5
Let w(q) = q - 17. Calculate w(5).
-12
Let h(j) = 33*j - 4. Calculate h(2).
62
Let u(l) = -l**2 - 11*l - 13. Give u(-10).
-3
Let l(w) = -w**3 - 29*w**2 - 55*w - 21. What is l(-27)?
6
Let l(o) = -o**3 - 26*o**2 + 60. What is l(-26)?
60
Let f(z) = -z**3 + 15*z**2 - z + 21. What is f(15)?
6
Let o(f) = -f**3 - f**2 + 2*f - 2. Calculate o(-3).
10
Let s(x) = 9*x**2 + 3*x + 3. Determine s(-2).
33
Let y(n) = 4*n**2 - 18*n - 16. Give y(5).
-6
Let u(j) = -j**3 + 6*j**2 + j - 17. What is u(4)?
19
Let c(w) = w**3 + 5*w**2 - w + 5. Determine c(-5).
10
Let l(p) = -9*p - 5. What is l(0)?
-5
Let d(w) = 8*w + 4. Determine d(-1).
-4
Let g(q) = -156*q - 467. Determine g(-3).
1
Let q(x) = x**3 - 12*x**2 - 2*x + 11. Give q(12).
-13
Let q(u) = u - 10. Determine q(5).
-5
Let v(y) = 4*y + 30. Calculate v(-9).
-6
Let i(j) = -12*j**3 - j**2 + j + 1. Give i(-1).
11
Let d(g) = 5*g**2 + 26*g - 7. Give d(-5).
-12
Let s(a) = a**3 - 9*a**2 - a. Determine s(9).
-9
Let v(x) = -x**2 - 45*x - 45. Give v(-42).
81
Let a(l) = -l**3 - 2*l**2 + 4*l + 1. Determine a(-3).
-2
Let r(d) = -2*d + 29. What is r(8)?
13
Let i(m) = -10*m + 45. Determine i(3).
15
Let c(i) = -i**2 + 11*i - 12. Calculate c(7).
16
Let r(n) = 15*n + 20. What is r(3)?
65
Let w(m) = m**3 - 5*m**2 + 6*m - 6. What is w(5)?
24
Let f(x) = -3*x**3 - 4*x**2 - x + 2. What is f(-2)?
12
Let u(h) = -12*h + 7. What is u(0)?
7
Let j(s) = -2*s**2 - 1. What is j(1)?
-3
Let r(x) = 2*x - 42. What is r(18)?
-6
Let f(g) = -4*g + 2. Calculate f(4).
-14
Let w(u) = 2*u - 27. Calculate w(11).
-5
Let d(c) = -43*c + 305. Calculate d(7).
4
Let a(d) = -2*d - 14. What is a(-9)?
4
Let h(j) = j**3 - 4*j**2 + 3. Give h(4).
3
Let v(c) = -c**2 - 3*c + 1. Calculate v(-4).
-3
Let m(p) = 7*p**2 + 27*p - 4. Give m(-3).
-22
Let u(w) = -6*w**3 + 3*w**2 + 2*w. What is u(-1)?
7
Let a(n) = 21*n - 131. Calculate a(5).
-26
Let w(d) = -d**3 - 7*d**2 + 5*d - 9. Give w(-6).
-75
Let z(f) = -f**3 - 2*f**2 + 7*f + 10. Calculate z(-3).
-2
Let u(k) = 4*k - 83. What is u(11)?
-39
Let y(j) = 8*j**2 + 2*j - 2. What is y(-2)?
26
Let l(y) = 5*y - 2. What is l(-3)?
-17
Let i(o) = -2*o**2 - 41*o - 19. Determine i(-20).
1
Let b(c) = 2*c**3 - 73*c**2 - 113*c - 12. Calculate b(38).
26
Let x(g) = -g**3 - 10*g**2 + 21*g - 29. Calculate x(-12).
7
Let v(o) = o**3 + 24*o**2 + 22*o - 7. Calculate v(-23).
16
Let n(l) = l**3 + 6*l**2 + 5*l - 5. Calculate n(-5).
-5
Let n(u) = -u**3 - 12*u**2 - u - 11. Give n(-12).
1
Let k(o) = -o**3 - 11*o**2 - 10*o + 4. Calculate k(-10).
4
Let r(l) = -19*l - 6. Give r(-7).
127
Let k(r) = -6*r. What is k(-5)?
30
Let b(t) = -t**2 + 8*t - 12. Calculate b(6).
0
Let m(i) = -3*i**2 + 18. What is m(3)?
-9
Let z(g) = g**3 - 12*g**2 + 11*g - 3. What is z(11)?
-3
Let k(c) = c - 2. Give k(-10).
-12
Let j(t) = t**3 + 13*t**2 - 17*t - 39. Give j(-14).
3
Let k(v) = -v**2 + 41*v - 15. Give k(41).
-15
Let s(o) = 2*o**2 + 7*o - 31. Determine s(-6).
-1
Let r(n) = 6*n + 50. Give r(-6).
14
Let y(l) = 4*l**2 - 3*l - 3. What is y(3)?
24
Let a(j) = 3*j + 32. Calculate a(-8).
8
Let y(b) = b**2 - 2*b - 4. Give y(-6).
44
Let y(h) = h**3 + h**2 + 3*h - 18. Give y(0).
-18
Let h(u) = 2*u + 1. Give h(-22).
-43
Let p(o) = o**2 + 12*o + 15. Calculate p(-10).
-5
Let i(b) = 9*b**2 + 2. Calculate i(2).
38
Let y(a) = 42*a + 1. What is y(1)?
43
Let l(s) = s**2 + 7*s + 2. Give l(-8).
10
Let r(z) = 4*z - 96. Calculate r(26).
8
Let t(m) = -m + 5. Give t(8).
-3
Let k(z) = 2*z**2 - 25*z + 83. Calculate k(6).
5
Let y(x) = x**3 + 2*x**2 + 4*x + 10. What is y(-4)?
-38
Let q(g) = 48*g**3 - g**2 + g. Give q(1).
48
Let x(d) = d**3 - 5*d**2 - 8*d + 2. Give x(5).
-38
Let d(x) = -6*x**2 - 3*x - 1. Determine d(3).
-64
Let r(l) = l**2 + 11*l + 20. Determine r(-8).
-4
Let n(i) = -i**3 + 12*i**2 - 10*i + 20. What is n(12)?
-100
Let q(a) = 2*a**2 + 16*a + 30. Give q(-4).
-2
Let d(i) = -i**3 - 8*i**2 + 7*i + 9. Give d(-9).
27
Let i(a) = -5*a + 95. What is i(14)?
25
Let t(o) = o**3 - 7*o**2 - 8*o + 15. Determine t(6).
-69
Let z(g) = -10*g + 100. Determine z(13).
-30
Let q(l) = -2*l**2 - 7*l - 9. Calculate q(-3).
-6
Let b(t) = -t**2 + 26*t - 47. Give b(24).
1
Let s(p) = 26*p + 28. Determine s(-3).
-50
Let k(l) = 5*l - 5. Determine k(5).
20
Let d(p) = -4*p**2 + 3*p - 2. What is d(-3)?
-47
Let c(r) = 75*r - 900. Calculate c(12).
0
Let v(t) = -t**2 - 16*t + 1. Determine v(-17).
-16
Let p(b) = -b + 11. Give p(18).
-7
Let f(d) = 3*d - 12. Determine f(-4).
-24
Let y(d) = d**3 - 10*d**2 - 11*d + 14. Calculate y(11).
14
Let z(s) = -s**3 + 3*s**2 + 4. Calculate z(3).
4
Let b(r) = -r**3 - 7*r**2 - 11*r - 4. Give b(-5).
1
Let j(z) = 3*z**2 + 18*z + 29. What is j(-5)?
14
Let i(c) = 69*c + 476. What is i(-7)?
-7
Let u(m) = -m**3 + 5*m**2 - 3*m + 4. Give u(2).
10
Let v(z) = -z**3 + 6*z**2 + 8*z + 11. Determine v(7).
18
Let l(o) = -o**2 - 4*o - 1. Calculate l(-2).
3
Let f(g) = -2*g - 14. Determine f(-6).
-2
Let s(l) = 23*l + 106. Calculate s(-9).
-101
Let h(c) = c**3 + 10*c**2 - 12*c - 1. Determine h(-10).
119
Let n(a) = 2*a**2 + 6*a - 2. What is n(-7)?
54
Let w(d) = d**3 + d**2 - 16*d + 14. What is w(3)?
2
Let p(h) = h**2 + 5*h - 2. Determine p(-2).
-8
Let z(j) = 7*j + 49. Give z(-7).
0
Let w(z) = 2*z**3 + 2*z**2 + z - 1. What is w(2)?
25
Let z(g) = -g**3 + g**2 + 3*g - 3. Give z(3).
-12
Let g(f) = f**2 - 6*f - 56. What is g(11)?
-1
Let v(w) = -w**2 + 23*w + 46. Give v(25).
-4
Let w(x) = -9*x - 14. Calculate w(-10).
76
Let v(m) = 11*m - 4. Determine v(2).
18
Let r(f) = f**3 - 13*f**2 - 17*f. Calculate r(14).
-42
Let u(x) = -13*x + 2. What is u(-3)?
41
Let j(a) = 4*a**2 + 19*a - 4. Calculate j(-5).
1
Let v(h) = -3*h - 20. Determine v(-9).
7
Let d(f) = f**3 - 45*f**2 - 43*f - 142. Give d(46).
-4
Let f(o) = -7*o - 39. Give f(-5).
-4
Let k(q) = q**3 + 18*q**2 + 19*q + 24. Give k(-17).
-10
Let u(y) = -58*y**2 + 2*y + 1. Determine u(-1).
-59
Let q(g) = -3*g**2 + 29*g - 13. Determine q(10).
-23
Let p(t) = -12*t + 56. Calculate p(13).
-100
Let m(n) = n - 7. Calculate m(-24).
-31
Let k(p) = 2*p**3 + 31*p**2 - 15*p + 19. Give k(-16).
3
Let t(g) = -4*g + 57. What is t(13)?
5
Let k(z) = -z**3 - 9*z**2 - 11*z - 21. Calculate k(-8).
3
Let m(w) = 7*w - 4. Give m(-3).
-25
Let n(v) = -5*v - 62. Determine n(-12).
-2
Let i(k) = -4*k + 8. Calculate i(-3).
20
Let q(x) = 3*x**3 + x + 1. Determine q(1).
5
Let s(x) = x**2 - x - 4. What is s(-3)?
8
Let l(i) = 2*i**3 - i**2 - i + 1. What is l(-2)?
-17
Let a(h) = 34*h + 86. Determine a(-3).
-16
Let s(d) = -7*d - 3. What is s(-2)?
11
Let b(l) = -13*l + 13. Calculate b(0).
13
Let x(g) = g**3 - g**2 - 73*g. Give x(-8).
8
Let j(q) = -q**2 - 11*q + 8. Calculate j(-8).
32
Let d(w) = w**3 + 4*w**2 - 8*w. Calculate d(-6).
-24
Let y(a) = 9*a - 3. Give y(4).
33
Let a(l) = l**2 + 9*l + 17. Calculate a(-7).
3
Let s(i) = -9*i + 11. What is s(-5)?
56
Let s(m) = m**3 - 19*m**2 - 7*m - 3. Give s(19).
-136
Let o(l) = l + 8. Determine o(-6).
2
Let